uppose 5*w = 3*m + 38, -w - 3*m = w - 32. Suppose -108 = -w*n + 8*n. Let d = -26 + n. Calculate the greatest common divisor of d and 4.
4
Let q = 36 - 57. Let o = 54 + q. What is the greatest common factor of 11 and o?
11
Let a(d) = -99*d - 664. Let c be a(-7). Calculate the highest common divisor of c and 377.
29
Suppose -3*t - 1 - 29 = -3*w, w + 4*t = 0. Let d = 52 + -20. What is the highest common divisor of w and d?
8
Suppose 5*i - 3*g = 7*i - 249, 5*i = -3*g + 645. What is the greatest common divisor of i and 594?
66
Let c be (-2)/5 + 4589/(-65). Let p = c + 79. What is the highest common divisor of p and 4?
4
Let x = -2226 - -2304. Calculate the greatest common divisor of 624 and x.
78
Let o(z) = 14*z - 132. Let u be o(12). Calculate the greatest common factor of u and 144.
36
Suppose 3*z + 2*l - 167 = -2*z, 0 = -3*z + l + 109. Let p = -49 + z. Let u be (21/p)/(6/(-4)). What is the greatest common factor of u and 4?
1
Let a = 3607 - 3507. Suppose 50 = b + 4*b. Calculate the greatest common factor of a and b.
10
Let l = -1 + 8. Suppose 9*g = l*g + 110. Suppose -5*r + g = -0*r. What is the highest common divisor of 66 and r?
11
Let i(h) = -8 - h + 4 - 6*h**2 + 27*h**2 + 10. Let f be i(2). Calculate the greatest common divisor of 22 and f.
22
Let c be (2 - (-52)/(-6))/((-10)/135). Let q = c - 47. Calculate the greatest common divisor of q and 344.
43
Let j(g) = -6*g**2 - 59*g + 42. Let s be j(-8). What is the highest common factor of 150 and s?
10
Let b(h) = h + 16. Let d be b(-9). Let t = 282 - d. Calculate the greatest common factor of 25 and t.
25
Let i(l) = -l + 15. Let j be i(9). Suppose 2*c - j*h = -2*h - 8, -3*h + 15 = 0. Suppose 144 = 5*a - 2*a. What is the highest common divisor of c and a?
6
Suppose 0 = -4*z - 0*z - 4. Let t be ((-3)/(-6))/(z/(-22)). Let m(g) = g**2 + 13*g - 3. Let b be m(-14). What is the highest common divisor of t and b?
11
Let b be (-1 - -4) + (-3 - -2). Suppose k + b*k - 54 = 0. Calculate the greatest common divisor of 162 and k.
18
Let x(i) = 2*i - 28. Let g be x(5). Let f(y) = y**3 + 17*y**2 - 17*y + 21. Let d be f(g). Calculate the highest common divisor of d and 12.
3
Let g = 342 - 340. Calculate the highest common factor of g and 47.
1
Suppose 7 + 5 = 4*f. Let d(c) = -c**3 + 6*c**2 + 4*c - 15. Let s be d(4). Calculate the highest common divisor of f and s.
3
Suppose 0 = -n + 23 + 6. Calculate the highest common factor of 580 and n.
29
Let z = 625 - 216. Suppose -617 - z = -9*j. Let s = 139 - 63. What is the highest common factor of j and s?
38
Suppose -558 = -64*t + 2*t. Calculate the greatest common factor of t and 225.
9
Let n = -82 - -136. Let d be (4/3)/(12/n). Suppose 28 = d*p - 2*p. What is the greatest common divisor of p and 28?
7
Suppose -4*q - 2*h = 2, -8*h = -3*q - 4*h + 26. Suppose -11 = 3*j - 4*k, 2*j + 5*k - 2 = 6. Let w be 4/(-2)*9/j. What is the highest common divisor of w and q?
2
Let m be (11 + -10 + 3)*(-17)/(-2). What is the greatest common divisor of m and 17?
17
Let r = -20 - -8. Let s be (51/9)/((-4)/r). What is the highest common divisor of s and 119?
17
Let z(g) = -159*g - 61. Let f be z(-6). What is the greatest common factor of f and 19?
19
Suppose 4*q + 8 = j, 2*q - 40 = 4*j - 114. Suppose 0 = -4*v + 2*m + 166, 3*v + 3*m - 100 = j. What is the greatest common factor of v and 328?
41
Let f be (-147)/((-35)/(-5))*-4 + 2. Calculate the highest common divisor of f and 4.
2
Let l be (-16)/3*(-3 - 0). Let r(w) be the third derivative of -w**4/12 + 2*w**3 - 8*w**2. Let a be r(-6). What is the greatest common divisor of l and a?
8
Let l be (-2)/((-2)/3) - 63. Let m = l - -96. Suppose -20 = -4*x + m. Calculate the highest common divisor of x and 154.
14
Suppose -3*i - 14 = 4*j - 51, 4*i - j = 24. Let x(z) = -14*z + 133. Let r be x(9). What is the greatest common divisor of r and i?
7
Suppose -3*y - 8*r = -3*r - 49, y = r + 19. What is the highest common factor of y and 90?
18
Let o = 26 + -26. Suppose 3 = a - 2*b - 0*b, o = -4*b. Calculate the greatest common factor of a and 24.
3
Let j = -230 + 244. Suppose 5*s + 0*l = 5*l + 205, -5*l + 131 = 3*s. Calculate the greatest common divisor of s and j.
14
Suppose -l + 4*l = 9. Suppose -l*i = 3*n + 15, 3*n + 5*i + 5 = -8. Let j be 5/((-10)/n) - -1. What is the greatest common factor of j and 4?
4
Let y be (-2)/(-6) - 204/(-36). Let o(u) = u**3 - 4*u**2 - 6*u + 2. Let w be o(y). What is the greatest common divisor of w and 57?
19
Let a(t) = -t**2 - 3*t + 4. Let h be a(-3). Let d be h/(-2) - -1*46. Calculate the greatest common divisor of d and 4.
4
Let r be 30*(0 - 5)/(-30). Let a = 1 + 2. Suppose -5*w + r*x + 320 = 0, 0 = -0*w - 5*w - a*x + 312. Calculate the greatest common divisor of w and 7.
7
Let i = -1139 + 1918. What is the highest common factor of i and 38?
19
Let c(l) = -2*l**2 - 2*l + 60. Let b be c(0). Let m be 78/8 + 1/4. Calculate the greatest common factor of m and b.
10
Let j be (-10 + -47)/((-10)/4 - -1). Calculate the highest common factor of 6 and j.
2
Let i be (297/(-18))/(1/(-6)). Let u = i - 47. What is the greatest common factor of 26 and u?
26
Suppose -8 + 6 = -2*y, 0 = 4*k + 3*y - 83. Let c(n) = 38*n**2 - 2*n. Let v be c(3). Suppose -3*q + v = -144. Calculate the highest common factor of q and k.
20
Let n = 99 - 93. Suppose -4*w - 4*v = -n*v - 634, -3*w + 3*v = -468. Calculate the highest common factor of w and 23.
23
Let s be (3*(-215)/(-30))/((-3)/(-6)). Let t = 61 - s. What is the greatest common factor of 9 and t?
9
Let s = 119 - 83. Suppose s = 16*o - 13*o. What is the highest common factor of o and 9?
3
Let t = -26 + 330. Calculate the greatest common divisor of t and 38.
38
Let w(a) = -8*a + 2. Let b be w(-9). Let y(n) = -8*n - 3. Let h be y(-3). Let s = h + b. Calculate the greatest common divisor of 19 and s.
19
Let j be 1359/(-39) + 30/(-195). Let i be 1 - 0/1 - -1. Let d be (j/(-14))/(i/36). What is the highest common factor of 18 and d?
9
Let m be 1 + 1 + 9 - -2. Suppose 10*z = 4*z + 30. Suppose -m = -q - z. Calculate the greatest common divisor of q and 16.
8
Let v = -18 + 21. Suppose g + 18 = -4*h, 5*g = h - v - 3. Let o(d) = -5*d. Let k be o(g). Calculate the highest common divisor of k and 20.
10
Let s(d) = -2*d**2 - 58*d + 38. Let m be s(-29). Calculate the greatest common divisor of m and 456.
38
Suppose -l - 20 = -6*l. Suppose 0 = -l*b + 428 - 168. Suppose -4*d = 3*i - 95, -i + 61 = 2*d - 4*i. What is the highest common factor of b and d?
13
Let v = 242 + -125. Suppose y = -5*s + 68, -2*y - 17 = -2*s + 3. Calculate the greatest common factor of v and s.
13
Suppose 0 = -6*i + 28 + 212. What is the greatest common divisor of 520 and i?
40
Suppose 5*u - 3*u + 5*n = 1534, -1534 = -2*u + 4*n. What is the highest common factor of 177 and u?
59
Let q(t) = -t**3 + 52. Suppose 3*o = -o - 7*o. Let w be q(o). What is the greatest common factor of 130 and w?
26
Suppose 2*d = 4*r - 94, 3*d = -4*r + 55 + 54. What is the greatest common divisor of 1 and r?
1
Suppose 4*y - 35 = 3*h, 0*y + 30 = 3*y - 3*h. Let w be 10/(-25) - (-192)/y. Calculate the highest common divisor of 95 and w.
19
Let l(j) = 16*j + 40. Let w(a) = -4*a - 10. Let b(o) = 6*l(o) + 26*w(o). Let g be b(-6). Calculate the greatest common factor of 112 and g.
28
Let c be (-18)/((-1)/((-20)/(-15))). Let y be 540/c*24/10. Calculate the greatest common factor of 9 and y.
9
Let g = 135 + -148. Let f be g/(3 - 5/(100/64)). Calculate the highest common factor of f and 26.
13
Suppose -2*g - 5*u + 20 = 0, 3*g - 5*g = 4*u - 18. What is the greatest common divisor of 60 and g?
5
Let t(f) = 2*f**2 + 19*f + 18. Let h(i) = -i**2 - 9*i - 9. Let x(y) = 5*h(y) + 3*t(y). Let o be x(-13). What is the greatest common factor of o and 11?
11
Let h(m) = -m**3 + 5*m**2 + 6*m - 1. Let x be h(-2). Calculate the greatest common factor of 55 and x.
5
Let z(s) = 5*s**2 - s + 9. Let c(d) = 3*d**2 - d + 4. Let i(t) = -7*c(t) + 4*z(t). Let j be i(4). Calculate the greatest common divisor of 16 and j.
4
Suppose -17*r = 88 - 377. Let p be 0 + 17/(-2)*-22. What is the highest common divisor of p and r?
17
Let l = 394 - 169. Calculate the highest common divisor of 45 and l.
45
Let u(t) = 5*t**2 - 11*t - 71. Let x be u(12). Calculate the greatest common factor of 11 and x.
11
Suppos